80
What is -8c3009 (base 13) in base 7?
-40134233
What is 11222022021 (base 3) in base 15?
1e024
-78359 (base 12) to base 11
-a98aa
1111111101001110000 (base 2) to base 7
4305246
-41b37 (base 13) to base 11
-80a08
Convert 77584a (base 14) to base 11.
2316110
What is 125005224 (base 7) in base 16?
7a19ab
What is 40360 (base 11) in base 10?
58993
1111001011000010101011 (base 2) to base 4
33023002223
What is -100222012012000 (base 3) in base 16?
-50d94b
What is e7550 (base 16) in base 9?
1703687
Convert 135a679 (base 13) to base 8.
27226721
Convert 135094 (base 11) to base 13.
754b1
What is 10000000000000010 (base 2) in base 4?
100000002
What is -101110010011100001 (base 2) in base 7?
-1416650
What is 100010010100 (base 2) in base 5?
32241
-13ab28 (base 12) to base 3
-121202120212
What is -adf938 (base 16) in base 3?
-210110020221211
Convert -4343204 (base 5) to base 10.
-74804
What is 1083060 (base 12) in base 3?
12221101202200
What is -3a495 (base 16) in base 15?
-4ab11
Convert -3a1067 (base 16) to base 7.
-44226063
3d697 (base 15) to base 6
4121054
-2220110121 (base 3) to base 13
-20062
What is -10220102011 (base 5) in base 16?
-a35e4a
Convert 4cc40 (base 15) to base 16.
3c000
Convert -339990 (base 10) to base 8.
-1230026
What is -5cebe (base 15) in base 11?
-193119
-4c5c5 (base 14) to base 15
-3a965
Convert -2c74648 (base 13) to base 8.
-66476513
12e27ae (base 15) to base 5
11442022424
-31002031020 (base 4) to base 12
-1189460
Convert -62855 (base 9) to base 11.
-29218
-3154336 (base 7) to base 16
-5d949
What is -1021110020000011 (base 3) in base 4?
-1011312013000
What is 10122121000121 (base 3) in base 10?
1940614
What is 240bb (base 14) in base 5?
10303343
Convert -1753147 (base 12) to base 13.
-1004770
What is -1334530350 (base 6) in base 5?
-13120422012
Convert 201001211000 (base 3) to base 10.
375300
What is -31927 (base 11) in base 3?
-2100121111
Convert 1a5a9a7 (base 14) to base 15.
1245207
-a63a2 (base 11) to base 16
-25cf7
-76344124 (base 8) to base 14
-226191a
3d409 (base 14) to base 9
251100
What is 5b941b (base 13) in base 2?
1000010110111100000101
-173537 (base 15) to base 11
-6a92a5
What is 366252 (base 7) in base 14?
1a5d2
What is 3173005 (base 8) in base 4?
3033120011
What is 57741 (base 12) in base 13?
41242
Convert 210202022010 (base 3) to base 5.
102200032
Convert 2122111111021 (base 3) to base 4.
11113211200
3300202021 (base 4) to base 10
985225
55141750 (base 8) to base 3
211021212112011
Convert 3592323 (base 10) to base 8.
15550203
-9686167 (base 10) to base 7
-145221361
What is -15c535 (base 15) in base 4?
-10001113133
Convert 974814 (base 13) to base 3.
20200110001020
Convert 10304020 (base 5) to base 16.
157ca
What is -636333 (base 8) in base 9?
-353053
Convert 132052042 (base 6) to base 7.
31160351
What is -11251170 (base 8) in base 4?
-21111021320
Convert -713607 (base 10) to base 8.
-2561607
Convert -1341455233 (base 6) to base 3.
-1010201020011110
What is -1020420400 (base 5) in base 7?
-24022106
-54b64 (base 15) to base 8
-1015612
What is 311206 (base 7) in base 13?
1b328
Convert -116127 (base 10) to base 15.
-2461c
What is -39d78d (base 14) in base 3?
-10202102112012
What is 100110111000101000111 (base 2) in base 14?
2524d1
Convert -7211743 (base 9) to base 13.
-a487b5
Convert 945573 (base 13) to base 7.
41322135
558c00 (base 15) to base 8
17440124
What is -23412341 (base 5) in base 4?
-310320110
What is -424722 (base 13) in base 6?
-53134313
Convert 1116035 (base 8) to base 2.
1001001110000011101
What is -3463201 (base 7) in base 6?
-13201101
What is -313214431 (base 5) in base 11?
-810a98
Convert -392577 (base 14) to base 4.
-13133323131
11462642 (base 7) to base 12
4145b8
102190 (base 12) to base 7
2101161
1302113323 (base 6) to base 16
e83bf3
What is 1000110101001000 (base 2) in base 16?
8d48
What is -532500 (base 6) in base 9?
-65450
-23003041 (base 5) to base 9
-340154
What is -20441554 (base 8) in base 9?
-8147871
25114453 (base 6) to base 12
328a29
113231201302 (base 4) to base 5
3042401134
Convert 207323 (base 11) to base 14.
88cc7
40323224 (base 6) to base 15
179a1a
2305201 (base 7) to base 13
a0b4c
What is 8651803 (base 9) in base 5?
2141440012
Convert 11000110111100010011 (base 2) to base 3.
1112101210021
4641004 (base 7) to base 3
1002112111221
What is -1e081 (base 15) in base 9?
-158374
1125202325 (base 6) to base 11
71034a8
Convert -308872 (base 9) to base 2.
-101100110110001100
190c392 (base 14) to base 8
57241614
What is -3241254 (base 7) in base 14?
-a479b
-44a51 (base 12) to base 6
-1542541
Convert -10110000110101110000110 (base 2) to base 16.
-586b86
Convert -990 (base 15) to base 12.
-1300
-7bab9 (base 12) to base 5
-20300431
What is 29b7746 (base 13) in base 5?
11402413141
Convert -193622 (base 10) to base 16.
-2f456
-31031413 (base 5) to base 16
-3d8cc
26647a (base 15) to base 16
1c2235
626707 (base 8) to base 14
55cc7
3172481 (base 10) to base 8
14064201
Convert 8814867 (base 11) to base 7.
245410512
What is 3ab16 (base 13) in base 7?
634222
What is a10a3 (base 14) in base 4?
1132133213
Convert -9494 (base 14) to base 6.
-314322
-213223320 (base 4) to base 7
-1244625
1201301200 (base 4) to base 10
400480
1122060 (base 8) to base 15
601d6
55553 (base 12) to base 9
182130
What is 448074 (base 15) in base 7?
36525046
What is 10330310 (base 5) in base 12?
43927
What is 6041 (base 16) in base 15?
747b
Convert 3223132231 (base 4) to base 16.
eb7ad
Convert 1dca5e (base 15) to base 6.
51144455
Convert -111100305 (base 6) to base 11.
-1156248
-7112252 (base 8) to base 11
-106a298
Convert 16b8bba (base 14) to base 3.
210002012002002
What is 1022203232 (base 4) in base 6?
10313502
355a9 (base 14) to base 5
13130342
1123220333 (base 4) to base 9
631805
Convert -1b38386 (base 14) to base 3.
-221120010001211
What is -a4cb6 (base 14) in base 10?
-397648
Convert -276b289 (base 14) to base 8.
-110633351
48bb24 (base 14) to base 8
11401164
What is -19b566 (base 14) in base 9?
-1643808
2515266 (base 7) to base 15
65d30
-12167064 (base 9) to base 15
-7c7bd7
Convert -1100001100001010110 (base 2) to base 13.
-10ca78
-1684a (base 16) to base 7
-532622
What is 522664 (base 9) in base 8?
1136141
112598 (base 16) to base 7
12360125
What is -1011001202012 (base 3) in base 11?
-388431
11412443 (base 5) to base 8
321360
What is -96ed (base 15) in base 9?
-47737
What is 156358 (base 10) in base 14?
40da6
What is -263062 (base 10) in base 6?
-5345514
-1011110332 (base 4) to base 7
-2261614
What is -74446 (base 10) in base 14?
-1d1b8
-2a58 (base 13) to base 6
-44301
Convert -59046 (base 14) to base 3.
-102000110001
11110011011000000100 (base 2) to base 9
1778401
100111010101110001101010 (base 2) to base 15
d8a9aa
What is 220002223 (base 4) in base 13?
59863
101001000101010111 (base 2) to base 13
5b797
Convert -349b1 (base 12) to base 5.
-4224144
What is 5520541 (base 8) in base 13?
3cc0a0
Convert 1102330 (base 8) to base 11.
19255a
What is 23213333221 (base 4) in base 16?
2e7fe9
Convert -124307 (base 11) to base 8.
-576673
What is 1450123 (base 6) in base 4?
110211003
Convert -256276 (base 8) to base 3.
-11112110121
-51552 (base 16) to base 7
-2555151
793401 (base 10) to base 12
323189
What is 1384c (base 14) in base 5?
3021114
Convert -184d25 (base 16) to base 14.
-2d6581
-117315 (base 9) to base 11
-49359
Convert 656301 (base 13) to base 3.
11111010120200
-1111000100000110011 (base 2) to base 9
-832105
4066023 (base 8) to base 9
2020285
What is -2652cc (base 13) in base 12?
-387683
-265725 (base 9) to base 4
-213132203
-1027d6 (base 16) to base 4
-10002133112
-10220112002020 (base 3) to base 14
-3c0cbb
What is -23493 (base 11) in base 16?
-8445
Convert -2556 (base 13) to base 2.
-1010010111110
-5058474 (base 10) to base 11
-2945563
13352545 (base 6) to base 11
2883a2
Convert d56a9a (base 15) to base 3.
201002112221201
Convert a3a17 (base 16) to base 7.
5461012
78139 (base 11) to base 9
182366
-82b44 (base 15) to base 14
-aada1
What is 1127764 (base 10) in base 14?
214dc8
What is 1226121 (base 7) in base 4?
212213223
What is -1b857 (base 13) in base 10?
-54152
What is 187c70 (base 13) in base 10?
617279
What is 1570773 (base 9) in base 14?
18a34a
-101005 (base 10) to base 14
-28b49
Convert 136585 (base 10) to base